r = 89 - 96. Let u be i(r). Let v be (-72)/(-10)*(u/12 - 5). What is the greatest common divisor of 39 and v?
39
Suppose 5*j + 17763 = -j + 18195. Suppose -73 = -4*i + 35. Calculate the highest common divisor of i and j.
9
Let f be 4 + 7 + (-1)/(6/24). What is the highest common factor of f and 19?
1
Let u = -7 - -3. Let t be (6/8)/(u - 132/(-32)). Let g = t + 8. Calculate the greatest common divisor of 21 and g.
7
Let g(r) = -16*r + 982. Let u be g(8). Calculate the highest common divisor of u and 56.
14
Suppose 2*n - 5 = -15. Let w be (11/1)/(-3 - (1 + n)). What is the greatest common divisor of 99 and w?
11
Suppose 2492*g = 2498*g - 936. Let v be 9/2*g/9. What is the greatest common divisor of 6 and v?
6
Let z = 97 + -57. Suppose -2*h + 130 = 11*h. Suppose 12*j = h*j + 16. What is the highest common factor of z and j?
8
Suppose 0 = b + 3*g - 5618, -4*g - 25660 = -5*b + 2506. What is the highest common divisor of 20 and b?
10
Let t(r) = 22*r - 313. Let l be t(14). Let n be 3/((-18)/(-912)) + 20/l. Calculate the greatest common divisor of 518 and n.
74
Let n be (24 + -39)*204/(-10). Calculate the greatest common divisor of 646 and n.
34
Let l(y) = 58*y**2 - 156*y + 10. Let s be l(-25). What is the greatest common divisor of s and 251?
251
Suppose 0 = -13*q + 498 - 275 + 882. What is the highest common factor of 2176 and q?
17
Let j = 37489 - 35269. Calculate the greatest common factor of j and 690.
30
Suppose 0 = 7*j + 167 - 1350. Calculate the highest common factor of j and 754.
13
Suppose -5*z + 277 = 4*o, 5*z + 79 = o + 3*z. Calculate the greatest common factor of 73 and o.
73
Let a(c) = -84*c - 2854. Let i be a(-34). Calculate the highest common divisor of i and 18.
2
Suppose 47 = -2*m - 183. Let s = 211 + m. Suppose -10*l + 15*l - 60 = 0. Calculate the highest common divisor of l and s.
12
Let k = 197 + -194. Let f be 3 - -78*k/6. Suppose -48 = -5*r + 4*s + 96, 109 = 4*r + 3*s. What is the greatest common divisor of f and r?
14
Let y = 106 - 260. Let j = y - -436. What is the greatest common divisor of j and 6?
6
Suppose -1399 = 4*h + 561. Let l = -470 - h. Let o = 167 - 87. What is the highest common divisor of l and o?
20
Let i = 308 + -200. Suppose 2*z + r = 453, 4*z + 3*r - 795 = i. Calculate the greatest common factor of 12 and z.
12
Let g be (-332)/(-10) + 23/(-115). Let b(u) = 2*u - 52. Let r be b(g). Let j(v) = -26*v - 6. Let p be j(-4). Calculate the highest common divisor of p and r.
14
Let v be (-3)/6 + 1 - (-237)/2. Let a = 1885 - 1878. What is the greatest common divisor of a and v?
7
Suppose 4*l - p - 52 = 0, -4*l + 39 - 7 = 4*p. Suppose -2*u - 3*t = -21, 2*u + 7*t - 45 = l*t. Calculate the highest common divisor of u and 10.
5
Suppose -9*z + 493 = 128 - 319. Calculate the highest common factor of z and 133.
19
Suppose 6*w - 29*w - 1012 = 0. Let u = w - -70. Calculate the greatest common divisor of u and 26.
26
Let m = 14862 + -12146. Calculate the greatest common divisor of m and 364.
28
Let x = -40663 + 40768. Calculate the highest common factor of x and 81.
3
Let v(f) = -f**3 - 23*f**2 - 29*f - 148. Let l be v(-22). Suppose -l*g + 14*g - 784 = 0. Calculate the highest common factor of g and 70.
14
Let u be (3 - 7/(245/(-195)))*28. Calculate the highest common factor of 8100 and u.
60
Suppose 34 = -2*v + 44. Suppose v*t + 12 = 202. What is the greatest common factor of t and 95?
19
Let i be (9*-3)/((-36)/(-2040)*(16 - 21)). What is the highest common divisor of i and 5253?
51
Suppose -30*m + 64*m - 3926 = 9232. Calculate the highest common factor of 645 and m.
129
Suppose -2*n + 7*n - 35 = 0. Suppose 8*g - g = n. Let w be (g - -4)*(5 - 2). What is the greatest common factor of 75 and w?
15
Suppose -154*t + 152*t = 4*g - 32, -2*t = -4*g - 8. Calculate the greatest common factor of t and 17090.
10
Suppose -6 = 8*k - 582. Suppose -27*z + 30*z - k = 0. What is the highest common factor of z and 108?
12
Let t = -2391 + 3011. Calculate the greatest common factor of t and 60.
20
Let u = 330 + -961. Let g = u - -883. Calculate the highest common factor of g and 216.
36
Let q = 331 + -58. Let i = -95 + 39. Let x = i - -77. Calculate the greatest common divisor of x and q.
21
Suppose -16*v = 4*v - 760. What is the greatest common factor of 1178 and v?
38
Let l be 27/12 + 3 + (-9)/4. Let j = 34 + -29. Suppose a - 342 = -j*y, 0*y - 60 = -y - l*a. What is the highest common factor of 23 and y?
23
Let j = -17483 - -27731. Calculate the greatest common factor of 28 and j.
28
Suppose -53*k = 84*k - 1096. Let n(i) = i + 5. Let y be n(-5). Let p be 2/(-1)*(-8 - y). Calculate the highest common divisor of p and k.
8
Let g = -11 - 40. Let n = 139 + g. What is the greatest common divisor of n and 22?
22
Suppose 9*l - 12*l = -4*h + 8, 4*l - 5*h = -9. Suppose -3*w + 17 = -l*x, -3*x + 22 = 3*w - 23. What is the greatest common factor of 77 and w?
11
Suppose -2*j - 3*a = 41, -11*a + 10 = -9*a. Let m(s) = s**2 + 27*s + 54. Let q be m(j). Calculate the greatest common divisor of 2 and q.
2
Let i(v) = v**3 + v + 28. Let j be i(0). Suppose -13365 - 38263 = -178*l - 11756. What is the highest common factor of j and l?
28
Let s = -934 + 1762. Suppose -18*j + s = -12*j. Calculate the greatest common factor of j and 115.
23
Let x = -18 + 23. Suppose x*c - 5*d = -35 + 165, 5*c + 2*d = 158. Let j = -359 + 689. Calculate the greatest common divisor of c and j.
30
Let n be (-1)/3*1 + (-13400)/(-600). Suppose -121 = -4*v + 5*l, 2*v + 3*l = 7*v - 135. Let c = v - -152. Calculate the highest common factor of c and n.
22
Let h = -100 - -170. Let z = 1 + h. Let q be 1/(z/(-748) - (-10)/85). Calculate the highest common factor of q and 396.
44
Suppose 8*k = -7*j + 2*j + 49352, -3*k = -5*j + 49418. Calculate the greatest common factor of j and 26.
26
Suppose -3*v + s + 603 = 0, 40 = 3*s + 31. Calculate the greatest common divisor of 12 and v.
2
Let x = -137 - -123. Let o(s) = -s - 9. Let d be o(x). What is the highest common factor of d and 180?
5
Let z be ((2 + -2)/(-6))/(-2). Suppose z = -g + 4 + 10. Calculate the highest common divisor of 56 and g.
14
Suppose -12 = -3*h, -4*h - 59 = s - 6*s. Suppose -u - 31 = -2*p, -p + 4*u = 3*p - 52. Suppose p*j - 90 = -0*j. What is the highest common factor of j and s?
5
Let y = 240 + -236. Suppose -y*u = 13*u - 357. Calculate the greatest common factor of 15 and u.
3
Let z(v) be the third derivative of -2*v**6/5 - v**5/60 - v**4/24 - v**3 - 4*v**2 - 4. Let s be z(-2). Calculate the highest common divisor of 47 and s.
47
Let s(g) = 163*g**2 + 137*g + 2453. Let t be s(-14). What is the highest common factor of 11 and t?
11
Suppose -12*t + 1309 = -t. Suppose 0 = t*q - 126*q + 105. What is the highest common factor of 435 and q?
15
Suppose -63*i = 14*i - 3234. Suppose -11 = -2*g + 349. Suppose 5*x - g = 240. Calculate the highest common factor of x and i.
42
Let m(r) = r**2 - 4*r. Let c = 53 - 58. Let o be m(c). Suppose 5*v - 41 = 34. Calculate the greatest common divisor of o and v.
15
Let b = -31746 - -31911. What is the highest common factor of 120 and b?
15
Let y be (-110)/33*15/(-10). What is the highest common divisor of y and 71?
1
Let a(n) = -45*n - 3. Let g be a(-3). Let b be 1 - (((-4)/12)/(24/360) - 214). What is the highest common factor of g and b?
44
Suppose 193*z - 748336 - 711954 = -46*z. What is the greatest common divisor of z and 60?
10
Let c(n) = -42*n**2 + n + 38*n**2 + n**3 + 5 - 1 + 0*n. Let a be c(3). Let b be a + (-4)/((-12)/17)*12. What is the highest common divisor of b and 6?
6
Let x(u) = -u**2 + 468*u + 5478. Let c be x(0). Calculate the highest common factor of 2822 and c.
166
Let w(s) = -25*s - 155. Let a be w(-9). Let c be a/(-14)*(-6)/1. Calculate the greatest common divisor of 10 and c.
10
Let m be -9*(-4 + (-7)/(21/(-10))). Suppose 190 = m*k - 11*k. Let t = -3 - k. What is the highest common factor of t and 14?
7
Let o = -9578 - -13500. Calculate the greatest common factor of o and 222.
74
Let t(p) = 3*p**2 + 17*p + 58. Suppose 0 = -4*u, 7*u - 20 = 4*g + 4*u. Let k be t(g). Calculate the greatest common factor of k and 112.
16
Let o = -65 - -61. Let b be (6/o)/((-9)/6). Let r be (-36)/27*-1*3*b. Calculate the highest common factor of 44 and r.
4
Suppose -8*s = -12*s + 36. Suppose -s - 12 =